hat is the thousands digit of p?
1
Let p be (-112)/(-6) + 2/(-3). Suppose -p*n + 1108 = -692. What is the hundreds digit of n?
1
Let s(q) be the third derivative of -2*q**6/45 - q**5/6 + 13*q**4/12 - 9*q**2. Let t(f) be the second derivative of s(f). What is the hundreds digit of t(-4)?
1
Suppose -3*i + 291 = -138. Let h = -93 + i. Suppose -3*v + h = -196. What is the units digit of v?
2
Let h(s) = s**3 - 50*s**2 - 3709*s - 19. What is the hundreds digit of h(91)?
9
Let v(r) = -2*r**2 + 9*r + 9. Suppose -3*d - 3*d + 30 = 0. Let i be v(d). Suppose w + 625 = i*s, -5*w = -s + 60 + 82. What is the units digit of s?
7
Let p = 1900 + -1665. What is the hundreds digit of p?
2
Let y(c) = 2*c**3 + 28*c**2 + 28*c + 26. Let o be y(-13). Suppose o = -2*i + k + 2328, -9*i + 4*i + k + 5817 = 0. What is the thousands digit of i?
1
What is the thousands digit of (72768/42)/((-18)/(-63))?
6
Let n = -4881 - -7776. Let f = n - 1842. What is the thousands digit of f?
1
Let o(x) = -x**2 - 21*x - 37. Let b be o(-19). Let t(d) = d + 3. Let n be t(b). Suppose -j - 147 = -0*h - h, -n*h + 573 = -j. What is the units digit of h?
2
Let k = -6293 - -8752. What is the units digit of k?
9
Suppose x - 30 = -5*u + 5*x, -u + 3*x = -17. Let m be ((-24)/(-18))/(u/6). Suppose 2*r - 24 = m*l, l + 68 = 3*r + 17. What is the units digit of r?
8
Suppose -i = -12*p + 14*p - 22564, p - 7 = 0. What is the tens digit of i?
5
Let b(o) = -6*o + 28. Let u be b(-5). What is the units digit of (-58)/203 + 8*u/7?
6
Let n be (-62)/217 - ((-19)/(-7) - 0). Let c(f) = -207*f - 74. What is the units digit of c(n)?
7
What is the hundreds digit of ((-184)/460)/(2/(-24385))?
8
Let r be (20/30)/(2/6). Suppose 14*b - 9*b + r*d - 2763 = 0, b - 531 = 5*d. What is the units digit of b?
1
Let v be ((-12)/(-30) + 4)/(2/10). Let z be (-4)/v - (-1426)/341. Suppose -2*q + 344 = 8*w - 4*w, q - 166 = -z*w. What is the tens digit of q?
7
Let y(p) = 12*p - 49. Let u be y(11). Suppose 81*k = u*k - 316. What is the tens digit of k?
5
Let m = 79095 - 53214. What is the units digit of m?
1
Let k(r) be the third derivative of r**6/120 - 13*r**5/60 - 29*r**4/24 + 2*r**3 - r**2. Let q = -2777 + 2792. What is the units digit of k(q)?
7
Let v(q) = 16*q**2 - 4*q - 3. Let s be v(-2). Let x = 68 - s. What is the tens digit of (-28*2 - -1)/x?
5
Suppose 2*l - 121 = -3*l - 4*h, 3*l - h = 76. Suppose -2*m + m = -l. Suppose m = 5*z - 415. What is the tens digit of z?
8
Suppose 18 + 7 = 5*o. Suppose 0*l = -5*i - l + 1244, o*i = l + 1236. Suppose -148 = 5*p + 4*b - 1364, p - i = 4*b. What is the units digit of p?
4
Let t(y) = 3*y**2 - 15*y + 30. Let m = -17 + 29. Let z be t(m). Suppose -2*w + f + 292 = 0, 4*w + f - 872 = -z. What is the units digit of w?
7
Let t(g) = 2*g**2 - 6*g - 6. Let h be t(4). Suppose 48 = h*z - 1190. What is the hundreds digit of z?
6
Let o = 3528 + -3497. What is the units digit of o?
1
Let i = 701 - 639. Let y(w) = w**2 - 2*w - 5. Let h be y(5). What is the tens digit of 12/h*15345/i?
9
Let h be (-69)/4*3432/66. Let i = 8 - h. What is the tens digit of i?
0
Let b be (-2)/9 - 340496/(-117). Suppose w + 0*o - 5*o = 608, 0 = -5*w - o + b. What is the hundreds digit of w?
5
Let q(h) = 171*h + 991. What is the tens digit of q(20)?
1
Suppose 17*w - 18*w - 3 = 0, 0 = -3*g - 2*w + 11895. What is the units digit of g?
7
Suppose -p - q = -371, 2*q = -q - 3. Let c be -1 + 826/105 + -7 + (-2728)/15. Let d = p + c. What is the tens digit of d?
9
What is the tens digit of 8431377/252 + 46/(-483) - 20/(-16)?
5
Suppose -11 + 27 = 4*w. Suppose -4*k - k + 4*x = -84, w*k - 2*x = 66. What is the units digit of k?
6
Let v be ((-45)/(-30))/((-9)/(-24)) - 0. Let p(c) = -2 - 4 - 4*c**2 + 5*c**3 + 4*c - 4*c**3. What is the units digit of p(v)?
0
Let o(n) = -7*n + 23. Suppose -4*l = -q - 14, 4*q + 0 + 14 = 2*l. Let t be o(l). Suppose -5*b = d + 28 - 908, -2*b - t*d + 360 = 0. What is the tens digit of b?
7
Let b = 135 + -33. Suppose 5*z = b - 42. Suppose 5*p - 44 = 2*o - o, z = 3*p + 3*o. What is the units digit of p?
8
Suppose -3*n = 4*t - 328, -5*n + 6*t = 3*t - 595. Suppose u + 1 = 0, 4*k = u - 5*u + n. What is the tens digit of (-2)/(-10) + 1614/k?
5
Suppose f = -0*f + 14. Suppose 5*d - f*d = -1242. Suppose z - 184 = y, -4*y + d = z - 56. What is the hundreds digit of z?
1
Let c = 52919 - 20328. Suppose 0 = 10*z - c + 6671. Suppose 7*d = 16*d - z. What is the units digit of d?
8
Let o(y) = y**3 - y**2 - 3*y + 2. Let u be o(3). Suppose 8*a - 6*a = -2*t + 38, -3*a + 41 = 2*t. Suppose t*h - u*h = 1145. What is the tens digit of h?
2
Let g(a) = 35*a + 42. Let w(r) = -r + 1. Let q(j) = g(j) + 5*w(j). What is the hundreds digit of q(4)?
1
What is the tens digit of (-10 + 220/30)*(660990/8)/(-5)?
6
Let d be (-34)/(-8) - (-29)/(-116). Suppose 4*q - 1281 = -q + 2*m, 3*q - 779 = -d*m. What is the hundreds digit of q?
2
Let r(v) = -14*v**2 + 6. Let w(i) = -9*i**2 + 4. Let j(u) = -5*r(u) + 8*w(u). Let y be j(-3). What is the tens digit of ((-16)/6)/(y/336)?
5
Let s = -28 + 32. Suppose s*y = 4*w - 20, -y + 3*w - 13 = 2. Let p(b) = -b**3 - 2*b**2 + 119. What is the hundreds digit of p(y)?
1
Let z(v) = -298*v + 968. What is the hundreds digit of z(-21)?
2
Suppose -5*w = -f - 70242, -12*w + 7*w + 5*f + 70250 = 0. What is the hundreds digit of w?
0
Let i = -146 + 151. Suppose 2*f - 3*f + 66 = -3*m, i*f - 270 = 3*m. What is the tens digit of f?
5
Let a(x) = -3*x**3 - 162*x**2 - 100*x - 72. What is the units digit of a(-54)?
8
Suppose 2*a + 2*b - 17 = 47, -2*b = -5*a + 188. Let c = a + 208. What is the units digit of c?
4
Let x = 1789 + -1135. Suppose -3*l = 3*c - 2712, -2*c - 3*l + 1154 = -x. What is the hundreds digit of c?
9
Suppose 46*b - 44*b + 112 = 0. Let p be (37 - -2)/(21/b). What is the hundreds digit of -2 - ((-4)/2 - -1) - p?
1
Let v(u) = 2*u**3 - 5*u**2 - 14*u + 8. Let z be v(5). Let i = z + -67. What is the hundreds digit of (-2)/(i/(-143))*1*-4?
2
Let x = 49 + -47. Let z be (-5 + x)/((-12)/64). What is the units digit of ((-388)/z)/((-5)/20)?
7
Suppose -190 = -7*q - 1422. Let n = q + 182. What is the units digit of n?
6
Let u(y) = 57*y**2 + 75*y - 38. What is the tens digit of u(7)?
8
Let z(l) = -l**3 - 14*l**2 - 18*l - 10. Let k = 11 + -3. Suppose k*d = 32 - 136. What is the units digit of z(d)?
5
Let r(j) = j + 5. Let m(u) = u**2 - 4. Let f be m(2). Let t be r(f). Suppose i = -t*g + 2, 66 = 3*i - 4*g - g. What is the units digit of i?
7
What is the thousands digit of (-9093392)/(-3630) - (16/15 - 1)?
2
Suppose 10 = 7*o + 192. Let j(d) = -d**2 + 2*d - 2. Let q be j(8). Let b = o - q. What is the tens digit of b?
2
Suppose 7*o - 333 = 24. Let f = -48 + o. Suppose -4*z + 295 = f*m, 4*z + 325 = 9*z - 5*m. What is the units digit of z?
0
Suppose 0 = 226*t - 133*t - 625611. What is the units digit of t?
7
Let o(p) = -p**3 - 7*p**2 - 4*p - 15. Let s be o(-6). Let d = s + 23. Let z(l) = 3*l**2 - 4*l - 7. What is the units digit of z(d)?
7
Suppose -4*m = -3*n + 29, n + 0*m + 5*m + 22 = 0. Let t(v) = v**3 - 2*v**2 + 2. Let x be t(n). Suppose 2*r - x = 153. What is the units digit of r?
2
Suppose 42*p - 28*p + 92*p - 2544636 = 0. What is the hundreds digit of p?
0
Let z(u) = 3*u**3 + 2*u**2 - 22*u + 15. Let s be z(6). Let i = s - 191. What is the hundreds digit of i?
4
Let r be (2 + 3)*(-3 - (-3208)/20). Suppose -b + 3*b + 304 = 2*l, -5*l - 4*b + r = 0. What is the units digit of l?
5
What is the tens digit of 26 + -7 + -2 + 31831?
4
What is the units digit of 224/24*(2 - -292)*3?
2
What is the units digit of (119 + -1)*(-34 - -55)?
8
Let v = 1763 - 849. Let y = v - 219. What is the tens digit of y?
9
Let c = -653 + 407. Let y = c + 500. What is the units digit of ((-75)/10 + 6)*y/(-3)?
7
Let y(b) = -8*b - 8. Let z be y(-1). Suppose -m = -2*m + 5*t + 26, z = -2*t + 4. What is the tens digit of m?
3
Let i = 772 + -1135. What is the tens digit of (943/69)/(-2 - i/180)?
2
Suppose -2*a = d - 61, 0 = -14*d + 9*d + 5*a + 320. Let q = 213 + d. What is the hundreds digit of q?
2
Suppose -5*p - 63420 = -5*l, 3*l + 16384 - 54438 = 2*p. What is the hundreds digit of l?
6
Let y be (60/(-8) - 3)*-2. Let o = 19 + y. Suppose -15*k = -20*k + o. What is the units digit of k?
8
Let h = -528 + 1831. What is the thousands digit of h?
1
Let a(q) = -8*q + 4. 